5, 7
Let l = -45810 + 83990. What are the prime factors of l?
2, 5, 23, 83
Suppose -4*t + 53694 = 22694. What are the prime factors of t?
2, 5, 31
Let f = -80328 - -115036. List the prime factors of f.
2, 8677
Let j be (-21)/4 - (-72)/(-96). Let n(u) = 7*u**2 - 4*u + 7. What are the prime factors of n(j)?
283
List the prime factors of 9/30 + (834003/90 - 7).
2, 5, 463
Let i(w) = -124*w + 4*w + 28 + 34*w. What are the prime factors of i(-4)?
2, 3, 31
Let n = -34197 - -58199. List the prime factors of n.
2, 11, 1091
Let o = 47 + -59. Let u be -38 + ((-2)/4 - (-18)/o). Let d = u - -128. What are the prime factors of d?
2, 11
Suppose 0 = -4*b - 4, b + 294 + 3727 = 5*z. Let k = z + -209. What are the prime factors of k?
5, 7, 17
Let k(m) = 123*m + 32. Let v be k(-3). Let d = v - -721. List the prime factors of d.
2, 3
Suppose -3*z - 2*o = -86026, 3*z - z - 6*o - 57380 = 0. What are the prime factors of z?
2, 13, 1103
Suppose -41*q + 40*q + 1097 = 0. What are the prime factors of q/2 - (-1)/2?
3, 61
Let m be -1 + (-16)/96 + 38/12. Suppose 0 = -5*f + 2*r + 36 + 39, -f + 3 = m*r. What are the prime factors of f?
13
Let m(b) = 6*b**2 - 26*b - 7. Let w be m(5). Suppose w*k - 3 = 12*k. What are the prime factors of k?
3
Let j be (4 + 1 - 3) + -522. What are the prime factors of (j/40)/((-2)/12)?
2, 3, 13
Let w be (-12 - (10 + -26))*70. Suppose -3*h = 953 - 362. Let o = w + h. List the prime factors of o.
83
Let r(j) = 68*j**2 + 47*j - 120. What are the prime factors of r(12)?
2, 3, 853
Suppose 8*z + 26*z = 3*z + 312046. List the prime factors of z.
2, 7, 719
Let r be (33/(-9))/((-16)/12 + 1). Suppose 433 = -r*h + 2347. Suppose -4*o + h = -5*s + 485, 3*s = -3*o + 165. What are the prime factors of s?
59
Let m(j) = 14*j - 4. Let f be m(6). Suppose 5*y - f = -5*x, 0 = -x - 3*y - 0*y + 18. List the prime factors of (-256)/(-12) - (x/(-9) + 1).
2, 11
Let u(l) = -43*l + 23. Let a be u(-3). Let j = 78 + a. List the prime factors of j.
2, 5, 23
Suppose -500*j + 5143580 + 6451910 = -195*j. List the prime factors of j.
2, 19009
Let d = 4456 + -4220. Suppose -645 = 3*s + 2*s. Let b = s + d. What are the prime factors of b?
107
Suppose k - 2*v - 4 = -3*v, -4*k - 2*v + 12 = 0. Suppose k*q + 5*q - 35 = 0. Suppose -99 = -w + q*z, 3*w + z - 143 = 74. List the prime factors of w.
2, 37
Let l be ((-7)/3 + 3)*-3. Suppose -3*b + n = -4*b + 2, -3*n + 12 = b. What are the prime factors of (l/b)/(38/7239)?
127
Let q = 7386 - 5652. List the prime factors of q.
2, 3, 17
Let d(k) = 15*k - 88. Let r be d(37). Suppose 468*a - r*a - 645 = 0. What are the prime factors of a?
3, 5, 43
Let n = 95 - -2. Let u(y) = -34*y + 84. Let a be u(3). Let b = n - a. What are the prime factors of b?
5, 23
Let b(s) = -s - 4. Let f be b(4). Suppose -u = 2*u + 5*n - 16, 2*u = -n + 6. What are the prime factors of ((-356)/f)/(1/u)?
89
Suppose -27*c - 160 = -22*c. List the prime factors of -16*(5480/c)/5.
2, 137
Suppose 5*l = 4*i + 772, -5*i - l - 2*l - 1002 = 0. What are the prime factors of 1 - (-4 - -3) - i/1?
2, 5
Let r = -41 - 9. What are the prime factors of 1054/10 - 30/r?
2, 53
Let y(i) = 326*i**3 + i**2 - 8*i + 16. Let s be y(2). Suppose 7*w - 2*w - 2*r - s = 0, -2*w + 4*r + 1032 = 0. What are the prime factors of w?
2, 131
Suppose 25 = 3*b - 5*n, n + 3*n + 20 = 4*b. Suppose -d + r + b*r = -1042, -4*d = -5*r - 4173. List the prime factors of d.
17, 61
Suppose -3*h + 6189 = -3*d, 5*h - 4*d = 11179 - 868. Suppose -6*v + h = -281. List the prime factors of v.
2, 3, 5, 13
Let x(k) = k**3 + 2*k**2 - k + 54. Let g be x(-6). Suppose -4*l = -5*u - 575, -u + 5*u = 4*l - 464. Let q = g - u. What are the prime factors of q?
3
Let g(v) be the first derivative of -9*v**2/2 + 108*v - 82. List the prime factors of g(-36).
2, 3
Suppose 215*s = 213*s + 36. Let g(w) = w**2 - w - 5. List the prime factors of g(s).
7, 43
Let m be ((-12)/(-3) - -1) + 30 + 2668. Suppose -2*u + 1797 = -3*c, -3*u = -0*c - 3*c - m. List the prime factors of u.
2, 3, 151
Let d = 102 - 230. Let n = -27 - d. What are the prime factors of n?
101
Let i(h) = -5*h + 31*h - 62*h. Let n be i(-3). Let s = -16 + n. What are the prime factors of s?
2, 23
Suppose 18 = -16*g + 12*g - 3*j, 4 = 2*j. Let t(c) be the third derivative of -c**5/60 - 5*c**4/12 - c**3/2 - 2*c**2. List the prime factors of t(g).
3, 7
Let r(s) = 59*s**2 - 39*s - 722. What are the prime factors of r(25)?
2, 3, 11, 13, 41
Let j(z) = 11*z**3 - 33*z**2 + 111*z - 1097. What are the prime factors of j(14)?
23, 1051
Suppose -63383 = 11*y - 185263. What are the prime factors of y?
2, 5, 277
Suppose 0 = 4*o - 4*y - 780, o + y = 4*y + 189. List the prime factors of o.
2, 3, 11
List the prime factors of 2613 - (6 - 30/5).
3, 13, 67
Let b = 1738 - 2514. Let i = -281 - b. List the prime factors of i.
3, 5, 11
Let o = 7971 + -5038. List the prime factors of o.
7, 419
List the prime factors of (-24)/(-84) - (-32952)/14.
2, 11, 107
Let q = -23699 + 71249. List the prime factors of q.
2, 3, 5, 317
Suppose -3*z + 0*z = -81. Suppose z*w = 38*w - 2684. List the prime factors of w.
2, 61
Let s be ((-44)/(-6))/(62/(-837)). What are the prime factors of (-152735)/s - (10/9)/(-5)?
1543
List the prime factors of ((-1150)/15)/(40/7860)*-1*3.
3, 5, 23, 131
Let z be 3/(126/(-122)) + (-27 - (-20340)/756). Let u(s) = 4 - 5*s**3 - 3*s**3 - s + 0*s**2 + 2*s**2. List the prime factors of u(z).
241
Let q(d) = -5*d**3 + 11*d**2 + 14*d + 18. Let u(c) = -2*c**2 + c. Let s(b) = q(b) + 4*u(b). List the prime factors of s(-5).
2, 157
Let l(g) = 11*g**2 - 85*g - 1170. What are the prime factors of l(-12)?
2, 3, 239
Suppose -76 = -q + 3*t, -4*q - q + 465 = 2*t. Let m = -79 + q. List the prime factors of m/(-16) - (-1005)/12.
83
Let c(b) = -3*b - 4. Let r be c(-3). Suppose 0 = -3*h + d + 334, 601 = r*h - d + 45. Let z = h - 62. List the prime factors of z.
7
List the prime factors of (-246)/1148 - 294745/(-14).
37, 569
Let b(o) = -12*o**2 - 9*o + 51. Let c(v) = -12*v**2 - 8*v + 51. Let j(p) = -3*b(p) + 2*c(p). What are the prime factors of j(6)?
3, 149
Suppose -18*f + 53*f - 245 = 0. List the prime factors of 726 - (3/3 - f).
2, 3, 61
Let f(w) be the third derivative of w**6/360 - w**5/60 + w**4/24 - 2*w**3 - 8*w**2. Let s(z) be the first derivative of f(z). List the prime factors of s(-6).
7
Let i be (3/2)/(6 + (-26)/4). Let o be i + -5 + 93 - -1. Suppose o = b + y, -4*b - 4*y = -y - 340. What are the prime factors of b?
2, 41
Let d(y) = 3*y**3 - y**2 + 55*y - 54. List the prime factors of d(18).
2, 3, 503
Suppose -310*y = -976*y + 24286356. List the prime factors of y.
2, 18233
Suppose -8594 = -12*a - 2942. Let m = a + -13. What are the prime factors of m?
2, 229
Let q(r) = 42*r + 208. Suppose -k + 62 = k. List the prime factors of q(k).
2, 5, 151
What are the prime factors of ((-625)/35 - -5)/((8/(-2912))/1)?
2, 3, 5, 13
Suppose -51*d + 717099 - 30537 = 0. List the prime factors of d.
2, 53, 127
Suppose -98*k + 11*k = -46*k - 389049. List the prime factors of k.
3, 3163
Let u(v) = 8275*v**2 - 1125*v + 3377. What are the prime factors of u(3)?
13, 17, 337
Let b be (-2)/(-8) + (-186)/120*-5. Let t be b/(960/(-8776)) - 4/(-30). Let c = 273 + t. What are the prime factors of c?
2, 5
Suppose -2*j + 37*t + 31980 = 41*t, 4*t - 79950 = -5*j. What are the prime factors of j?
2, 3, 5, 13, 41
Let k(c) be the second derivative of -14*c**3/3 - 27*c**2/2 + 45*c - 1. What are the prime factors of k(-2)?
29
Let d = 55971 + -39884. What are the prime factors of d?
16087
Let n be 190/40 - 6/8. Suppose -n*p + 1212 = 2*i, -4*i + 1153 = 5*p - 1274. List the prime factors of i.
2, 19
Let l = -132 + 132. Suppose l*g - 2210 = -13*g. List the prime factors of g.
2, 5, 17
Let s(b) = -4*b + 27. Suppose p - 2*r + 9 = 23, 29 = 4*p + r. Suppose -5*i = 5*d - d + 50, -p = 3*i - 2*d. What are the prime factors of s(i)?
3, 17
Suppose -18 = -19*d + 39. Suppose 12*u + d*p + 1206 = 17*u, 3*u + 3*p = 714. What are the prime factors of u?
2, 3, 5
Suppose 9*t - 34 = 92. Suppose 16*h = t*h + 904. What are the prime factors of h?
2, 113
Let v(a) = -14*a**2 - 11*a + 12*a**2 + 20*a - 15*a - 436*a**3 - 5. What are the prime factors of v(-1)?
3, 5, 29
Let z = -885 - -887. Suppose -4*w + 8372 = 4*k, -2*k + 7*w + 4193 = z*w. What are the prime factors of k?